r when 37 is divided by z.
7
Suppose 0 = -5*a + 3*a + 40. Suppose -18 = -l - 7. Calculate the remainder when a is divided by l.
9
Suppose 0 = -2*b - 10 + 16. Let p(t) = t**3 - 3*t**2 + 3*t - 4. What is the remainder when 12 is divided by p(b)?
2
Let y(q) = q**3 - 8*q**2 + q - 8. Let v be y(8). Suppose b + v*b = -8. Calculate the remainder when 2 + 0 + b/(-1) is divided by 4.
2
Let q = -8 + 0. What is the remainder when q - -9 - (-36)/1 is divided by 10?
7
Suppose 5*s - 10 = 10. Calculate the remainder when 27 is divided by s.
3
Let q = -7 + 9. Suppose 5 = q*r - r. Calculate the remainder when 9 is divided by r.
4
Let a = -16 + 49. What is the remainder when 95 is divided by a?
29
Let x(y) = -11*y**3 - 2*y**2 - 2*y - 1. Let n(u) = 0*u - u + 3*u + 2. Calculate the remainder when x(-1) is divided by n(2).
4
Suppose -3 + 55 = 2*z. Let m = z - 9. Calculate the remainder when m is divided by 9.
8
Suppose k = -3*b - 41, 3*k = -2*k - 3*b - 253. What is the remainder when k/(-4) - (-1)/(-4) is divided by 4?
1
Suppose 9 = 4*h - 7. Suppose -h*r + r = -9. Calculate the remainder when 5 is divided by r.
2
Suppose 2*u - 3*k - 70 = -7*k, 4*k = 3*u - 75. What is the remainder when 54 is divided by u?
25
Calculate the remainder when 23 is divided by 104/14 + (-20)/(-35).
7
Suppose 0 = 4*z + 1 - 5. Suppose 4 = u + 3. Calculate the remainder when u is divided by z.
0
Suppose -3*q = 2*q - 10. Let b = 0 + -1. What is the remainder when 4 is divided by 3/(q + 0 + b)?
1
Let u(c) = -5*c + 8. Let l be u(6). Let d = l - -13. Calculate the remainder when (-21)/(d/3) - -1 is divided by 5.
3
Suppose -b + 2*a + 0*a = -18, -3*a = 4*b - 28. What is the remainder when 28 is divided by b?
8
Suppose 5*q - j - 550 = -6*j, -3*q + 2*j = -345. What is the remainder when q is divided by 19?
18
Let w(p) = -3*p. Suppose -4*i = r - 7, i + 2 + 6 = 3*r. Suppose -d = r - 8. What is the remainder when d is divided by w(-1)?
2
Calculate the remainder when (-12)/15*1*-50 is divided by 14.
12
Let m be (2 - 9) + -1 + 0. What is the remainder when 4 is divided by (m/12)/(1/(-3))?
0
Let y = -126 - -131. What is the remainder when ((-2)/(-4))/((-1)/(-18)) is divided by y?
4
Let d = -179 + 190. What is the remainder when 52 is divided by d?
8
Calculate the remainder when (-2)/3 - (-124)/6 is divided by 12.
8
Let r = -131 - -159. Calculate the remainder when r is divided by 10.
8
Suppose -2*m = 3*c - 8, 2*c - 3*c = 0. Suppose -2*d + 44 = -5*t, -m*d - 5*t - 8 = -36. Calculate the remainder when 35 is divided by (-3)/d - 49/(-4).
11
Let s = -9 - -3. Let b be 12/4*(-52)/s. Calculate the remainder when b/8 + (-1)/4 is divided by 2.
1
Suppose -4*b - 4*r + 16 = 0, -4*b - 2*r + r + 10 = 0. What is the remainder when 7 is divided by (b + 0)/(13/26)?
3
Calculate the remainder when 19 is divided by -1 - (-8 - (1 + 2)).
9
Let l = 20 - -41. What is the remainder when l is divided by 21?
19
Let h(j) = 5*j - 6. Let v be h(4). Let y = 26 - v. Calculate the remainder when 22 is divided by y.
10
Let g(r) = r**2 - 9*r - 15. Let h be g(11). Suppose 3*b - 2*w + w - 5 = 0, -3*b + h = w. Let a = -4 - -11. What is the remainder when a is divided by b?
1
Let y(h) = 9*h**2 + 17*h - 9. Let c(p) = -4*p**2 - 8*p + 5. Let b(q) = -7*c(q) - 3*y(q). What is the remainder when (-7 + -1)/((-1)/2) is divided by b(-7)?
4
Let l = 7 - -4. Calculate the remainder when 21 is divided by l.
10
Let b(m) = -m**2 + 15*m - 3. What is the remainder when b(11) is divided by -2 + 45/3 + -2?
8
Suppose -2*q + 20 = 3*q. Calculate the remainder when 77/14*4/2 is divided by q.
3
Suppose 229 = 5*o + 3*k, o + 4*k - 35 - 4 = 0. What is the remainder when o is divided by 12?
11
Let q(w) = -w**2 + w + 44. Let t be q(0). Let h be (-4)/(-22) + 388/t. What is the remainder when 59 is divided by (-60)/h*(-3)/1?
19
Calculate the remainder when 27 + (-2 + 1 - 0) is divided by (-1)/(-1) + (-6)/(-9)*9.
5
Suppose 3*h - 6*h + 66 = 0. What is the remainder when 84 is divided by h?
18
Let x(k) = k**3 - 6*k**2 + k + 5. Calculate the remainder when x(6) is divided by 5.
1
Suppose n - 4*o + 1 = 12, 0 = -n - 5*o + 2. Calculate the remainder when n is divided by 6.
1
Suppose -2*o = 5*w - o - 60, -o = -3*w + 36. Calculate the remainder when 23 is divided by w.
11
Suppose 5*w - 4 - 11 = 0. Suppose 0 = -2*u + 7 - 3. Suppose 0 = -4*q - u + 14, 4*g - 47 = -5*q. Calculate the remainder when g is divided by w.
2
Let h = 107 + -88. Let r = 87 - 51. What is the remainder when r is divided by h?
17
Suppose 55 = -11*z + 220. What is the remainder when 133 is divided by z?
13
Suppose -9*w = -8*w - 34. What is the remainder when w is divided by 7?
6
Let m(r) = -r**2 - 3*r. Let l be m(-3). Suppose l = a - 5*a + 152. What is the remainder when a is divided by 13?
12
Let i = -1 - -12. What is the remainder when (-215)/(-7) + (-6)/(-21) is divided by i?
9
Let i = 3 + -1. Suppose -38 = i*w - 108. Calculate the remainder when w is divided by 12.
11
Suppose 0 = 2*w - 6*w + 156. Calculate the remainder when w is divided by 14.
11
Let v = -42 + 60. Calculate the remainder when 50 is divided by v.
14
Let l(a) = a**3 - 4*a**2 - 4*a. Let o be l(5). Suppose -11 = -5*b - 1. Suppose -o*r + b*r + 63 = 0. Calculate the remainder when r is divided by 11.
10
Let w(s) = -s**2 - 6*s + 6. Let p be w(-7). Let k(m) = 10*m**2 - 2*m - 2. What is the remainder when 17 is divided by k(p)?
7
Let d(p) be the first derivative of -p**2 + 2*p + 1 + 1/3*p**3. What is the remainder when d(4) is divided by 4?
2
Let h be ((-42)/(-8))/((-6)/(-16)). Let f be (-9 + -5)*3/6. Let w = f + h. Calculate the remainder when 13 is divided by w.
6
Suppose 0 = -3*u - j + 86, u = 4*u + 4*j - 92. Let d = 43 + -28. What is the remainder when u is divided by d?
13
Let l(f) = f**3 + 9*f**2 + 4. Let c be l(-9). Suppose -n - n + c = 0. What is the remainder when 17 is divided by 12/(-18)*(-18)/n?
5
Let q = 62 - 22. Suppose -3*h + q = h. What is the remainder when 37 is divided by h?
7
Let f(o) = -6*o - 62. Calculate the remainder when 44 is divided by f(-13).
12
Let g(o) = -o**3 - 4*o**2 - 9*o - 7. Calculate the remainder when g(-5) is divided by 16.
15
Suppose 3*l - 4*h - 187 = 0, -3*l - h = 2*h - 180. Calculate the remainder when l is divided by 7.
5
Let l = 8 - -143. Calculate the remainder when l is divided by 39.
34
Let j(x) = -x**3 - 8*x**2 + 10*x + 2. Let p be j(-9). Let b(s) = s**3 + 6*s**2 - 8*s - 2. Calculate the remainder when 19 is divided by b(p).
4
Let x = 32 - 16. Suppose -4*k + 67 + 69 = 0. Suppose 5*g = -2*w + 2*g + k, 0 = -4*g + x. Calculate the remainder when 20 is divided by w.
9
What is the remainder when ((-2)/6)/((-2)/6) - -29 is divided by 16?
14
Let l be 2375/45 - 4/(-18). Let h(a) = -l*a**2 + 4 + 58*a**2 - 5*a + a - a**3. Calculate the remainder when 6 is divided by h(4).
2
Suppose -4*a = -2*a - 18. What is the remainder when 24 is divided by a?
6
Let a = 6 + -1. Suppose 2 = a*b - 8. Suppose 0*k - 26 = -b*k. Calculate the remainder when 25 is divided by k.
12
Suppose 0 = -2*h + w + 27 - 10, -3*w = -h + 16. Let n(s) = -s**2 + 8*s - 2. Calculate the remainder when n(h) is divided by 2.
1
Let q = 0 + 1. Let j be 30/9*(q - 16). Let w = -24 - j. What is the remainder when w is divided by 14?
12
Let w = -4 + 7. What is the remainder when 4*(8 + (-9)/w) is divided by 11?
9
Suppose 0 = -x - 2*x - 63. Let n = x + 43. Let a = n - 9. Calculate the remainder when a is divided by 5.
3
Suppose r = -2*w - 2*w + 79, 0 = 5*r + 5*w - 425. What is the remainder when r is divided by 22?
21
Suppose h + 6*l - 6 = l, -5*l - 90 = -5*h. What is the remainder when h is divided by 10?
6
Let j = -202 - -244. What is the remainder when j is divided by (-1)/(-1*1/11)?
9
Let y be 3 + (3 - 15) - -3. Let p = y + 13. Calculate the remainder when p is divided by 5.
2
Calculate the remainder when 3 + -3 + 2*4 is divided by 3.
2
Let x be (-5)/((-10)/(-3))*-4. Suppose 0 = 2*p - 10 + 4. Calculate the remainder when (2/x)/((-5)/(-75)) is divided by p.
2
Let w be 0*(-1)/3 + 2. Suppose s = -w*s + 54. Let c(z) = z**2 + 9*z - 15. Calculate the remainder when s is divided by c(-11).
4
Let i(c) = c**2 + 13*c + 21. Suppose -6 = g + 8. Let h(p) = 4*p. What is the remainder when i(g) is divided by h(3)?
11
Let c = 71 - 65. Calculate the remainder when 35 is d